= -o**3 + 12*o**2 - o - 9. Let v(u) = -u + 6. Let l be v(-5). What are the prime factors of f(l)?
101
Let d = 912 + 78. List the prime factors of d.
2, 3, 5, 11
Let q(v) = -v**3 + 30*v**2 - 11*v + 7. Let g be q(29). Suppose n - g = -2*r, 1 = -2*n - 1. What are the prime factors of r?
5, 53
Suppose g - 147 = 176. Let t = g - 184. What are the prime factors of t?
139
Let a(d) = 8*d - 3. Let h be a(4). Suppose s + h = 5*g - 5, -g = 4*s + 220. What are the prime factors of (-40)/15*s/8?
2, 3
Suppose 4*c - 2*f - 3 = -f, -2*c + 2*f - 6 = 0. Suppose -3*a - k - 70 = -2*k, 5*k = -c*a - 24. What are the prime factors of (3 + 1)/2 - a?
2, 3
List the prime factors of 2/(-13) - (-786915)/585.
5, 269
Let p be -10 + 13 - (3 - 0). Suppose 5*s - r - 4*r - 5 = 0, p = 4*r - 20. List the prime factors of ((-4)/s)/((-22)/759).
23
List the prime factors of 832/(-40)*(-10)/4.
2, 13
Suppose -2*a + 2 = -3*n, -2*a + 0*a + 18 = 5*n. List the prime factors of (-1 + 8/n)*(-250)/(-15).
2, 5
Suppose 3*f - 858 = 111. List the prime factors of f.
17, 19
Let i = 2383 + -1403. List the prime factors of i.
2, 5, 7
Let m(j) = 2*j**3 - 2*j**2 - 2*j + 2. Let t be m(2). Let n = 78 + t. Suppose -8*c + n = -5*c. List the prime factors of c.
2, 7
List the prime factors of 13092/6 - (4 + 5).
41, 53
What are the prime factors of 42/(-5)*280/(-42)?
2, 7
Let i(y) = -5*y - 2*y - 1 - 4*y. Let w be i(-1). What are the prime factors of 8/w*65/2?
2, 13
Suppose 3*q + 78 = -3*y + y, 3*y + 98 = 5*q. Let g = y + 6. Let u = g - -50. What are the prime factors of u?
2, 5
Suppose -102*a = -99*a - 3102. What are the prime factors of a?
2, 11, 47
Let q = 40 + -38. Suppose 7*k - 163 = -2*p + q*k, -2*k - 77 = -p. List the prime factors of p.
79
Let u = -48 + 53. Suppose -d + 6*d - 62 = 4*y, u*y = d - 25. What are the prime factors of d?
2, 5
Suppose 5*g + 5*j = 230, 2*j = 4*g - 244 + 72. What are the prime factors of (9/4)/(33/g)?
3
Suppose 36 = 2*i + 4*a, 4*a + 2 = i - 16. Suppose -w - 2 = -4*w + 4*k, i = 5*w - 3*k. Suppose -w = -4*u + 2*u. List the prime factors of u.
3
Suppose 13*b = 9*b. Let a = b - -71. List the prime factors of a.
71
Let d(y) be the first derivative of -4*y**2 - 7*y + 10. What are the prime factors of d(-9)?
5, 13
Suppose -3*d + 212 = -5*c - 38, 5*c = 5*d - 420. What are the prime factors of d?
5, 17
Suppose b = 4*b + 48. Let j be (30/4)/(3/b). Let i = j - -65. What are the prime factors of i?
5
Suppose -g + 10 = g. Let o(b) = -b + 47. Let u be o(33). Suppose 0 = m - 5*d + u, 6*m = 2*m + g*d + 19. What are the prime factors of m?
11
Suppose -2*l = -4*g - 10, -4*g + 10 = 5*l + g. Let u be 3*(-2)/l*-1. Let a = u + 4. List the prime factors of a.
2, 3
Let v(b) be the second derivative of 4*b + 1/6*b**4 + 3/2*b**2 + 0 - b**3. What are the prime factors of v(5)?
23
Let d(q) = 178*q**3 - 10*q**2 + 40*q + 6. List the prime factors of d(3).
2, 3, 269
Let q(n) = -n + 3. Let d be q(-3). Suppose 2*u - u - 5*b - 20 = 0, 3*u + 3*b = d. Suppose 70 = u*v - 70. List the prime factors of v.
2, 7
Let z(m) = 5*m - 22. Suppose -28 = -y - 3*y. What are the prime factors of z(y)?
13
Let k = 1830 + -1073. List the prime factors of k.
757
Suppose 0 = 3*t + t - b - 3, 2*t = -3*b + 19. Suppose j - 78 = -t*y - 2*j, 116 = 4*y - 4*j. What are the prime factors of y?
3, 11
Let l = -267 + 575. List the prime factors of -5 + 5 + l + 0.
2, 7, 11
Let w(g) = -30*g - 36. Suppose 5*n = 5*h + 65, 2*h = 3*n - 2*n - 21. List the prime factors of w(h).
2, 3, 17
Let z = 23 + -17. List the prime factors of (-4 + 10)*104/z.
2, 13
Let x(i) = 17*i**3 - 3*i**2 + 7*i - 34. What are the prime factors of x(4)?
2, 11, 47
Let p be 2*((-339)/(-2))/3. Suppose 4*u + y - 283 = p, 0 = 4*u + 2*y - 400. Suppose -5*t - 23 + u = 0. What are the prime factors of t?
3, 5
Let k = 639 + 1382. What are the prime factors of k?
43, 47
Suppose 0 = 2*a - 3 - 3. Suppose a*u = 1 + 86. Suppose -5*f + 5 = -0, 5*q - f - u = 0. What are the prime factors of q?
2, 3
Let n be (-2 - (-4 - -2)) + -4 + 0. Let f = 177 + n. List the prime factors of f.
173
Suppose 3*q - 4*h - 1427 = 1826, 0 = -4*h + 8. List the prime factors of q.
1087
Suppose 2*d - 3*u - 150 = 0, 3*d + 0*d + 3*u = 240. Let z = 122 - d. List the prime factors of z.
2, 11
Suppose 43 = -3*k + 124. Suppose 0 = 2*x + x - 3*s - k, -4*x + 3*s + 37 = 0. What are the prime factors of x/((-32)/12 + 3)?
2, 3, 5
Let o(b) = b - 1. Let i be o(-3). What are the prime factors of 1/1 + 24 + i?
3, 7
Let p(v) = -3*v - 5. Let f be p(-3). Let c = 7 + f. What are the prime factors of c?
11
Suppose 0 = -4*u - 5*q - 2, u + q = -0*q. Suppose -u*y + 1 = -3*b, 0 = -2*b + b + y - 1. What are the prime factors of (-17)/((-4 - -3)*b)?
17
Suppose -3*f - 2*f = 4*g - 22, 15 = 5*g. What are the prime factors of f?
2
Suppose -21*k = -16*k - 1585. List the prime factors of k.
317
Let p(k) = 3*k + 10. Suppose 3*z - 4*z + 54 = 0. Suppose -3*x - 3*x + z = 0. What are the prime factors of p(x)?
37
Suppose -5*t + 0*t = -15. Suppose 124 = 2*h + 2*j, 206 = t*h + j - 3*j. List the prime factors of h.
2, 3, 11
Let c = -58 - -116. Suppose c = 5*d - 172. List the prime factors of d.
2, 23
Suppose 5*f = 1215 - 3170. Let q be f/(-7) - 2/(-14). Suppose -q = -2*p + 4*m, -p - m = 2 - 18. List the prime factors of p.
2, 5
Let c be -4 - -2*2469/6. Suppose -63 + c = 7*n. List the prime factors of n.
2, 3
Let x be (-11256)/15 - 4/(-10). Let m be 4/5*x/(-20). Let k = m + -14. List the prime factors of k.
2
Suppose 2*i = -2*w - 6, 5*w - w + 20 = 0. What are the prime factors of -3*i/6*-145?
5, 29
Let w = -4563 + 7811. What are the prime factors of w?
2, 7, 29
Suppose -4*t + 40 + 12 = 0. Let p = 30 - t. Suppose -12*a + p*a - 65 = 0. What are the prime factors of a?
13
Let d(x) = -x - 17. Suppose 2*u - 4*o + 9 + 5 = 0, -5*u + 2*o - 51 = 0. Let s be d(u). What are the prime factors of (208/(-24))/(1/s)?
2, 13
Suppose -6*n + 7231 + 1247 = 0. List the prime factors of n.
3, 157
Suppose 1178 = 5*a - 3*w, w + 1194 = 5*a + 2*w. List the prime factors of a.
2, 7, 17
Let c = 152 + 59. What are the prime factors of c?
211
Suppose 2*h = -5*x + 4*x + 319, 5*h - 3*x - 825 = 0. What are the prime factors of h?
2, 3
Let a(g) = -g**3 + 4*g**2 - 2*g + 6. Let i be a(4). Let n(k) = -3*k - 4*k + 0 + 0. What are the prime factors of n(i)?
2, 7
Suppose n = -4*n - r + 1273, -4*n + 2*r = -1010. List the prime factors of n.
2, 127
Suppose 5*l - 40 = -5*i, 3*i = 4*l + 82 - 23. Let j = -10 + i. Suppose 0*o = j*u + 2*o - 54, 4*u + o - 72 = 0. List the prime factors of u.
2, 3
Let f(p) = -p**2 + 5*p - 3. Let m be f(1). What are the prime factors of (m/2)/(3/1122)?
11, 17
Let v(j) be the second derivative of j**5/10 + j**4/12 + 2*j**3/3 - j**2/2 + 2*j. What are the prime factors of v(3)?
2, 37
Suppose 0 = -5*m + 5*d - 71 + 6, -5*m = -2*d + 56. Let p be (-34)/m + (-4)/10. Suppose -1 + 85 = p*c + 3*u, 2*c - u - 53 = 0. List the prime factors of c.
3
Let x be 5 - 1 - (3 - 1). Let k be ((-132)/(-3))/(2/2). List the prime factors of 1444/k - x/(-11).
3, 11
Suppose -681 = -2*j + 3*h - 4*h, -4*h = 4*j - 1352. What are the prime factors of j?
7
Let h be -1*(-2 - 2) - -16. Suppose 12*l + 1376 = h*l. What are the prime factors of l?
2, 43
Suppose -3*m + 3 = -2*b - 3, b = -5*m - 29. Let p(o) = -o**3 - 8*o**2 + 6*o + 12. List the prime factors of p(b).
3, 13
Suppose 5*y + 10 = -0*y, 3*l = 4*y + 9485. What are the prime factors of l?
3, 13
Let y(s) = 56*s**2 - 34*s - 48. List the prime factors of y(-7).
2, 3, 163
Suppose 3*d + 84 = -d. What are the prime factors of ((-112)/d + -6)*126/(-4)?
3, 7
Suppose -5*h + 5*q - 345 = 0, -q = h - 3*q + 66. Let l = h + 133. List the prime factors of l.
61
Suppose 4*o = -0*o + 4, -4*d = o - 61. Suppose 0 = -j - 10 + d. List the prime factors of 50/(-4)*(-4)/j.
2, 5
Let y = -219 - -1036. What are the prime factors of y?
19, 43
Suppose -4*z + 8 = -4*x, -6*x + 4*x = 4*z + 22. Let k = 63 - x. What are the prime factors of k?
2, 17
Suppose -24 = -4*k - 3*i, 3*k + 5*i - 10 = 8. Suppose -2*s + 96 = k*s. Let y(x) = x**3 - 13*x**2 + 17*x - 26. What are the prime factors of y(s)?
2, 17
Suppose 6*j + 24 = 2*j. Let w be (2/j)/(1/(-15)). Suppose 0 = -4*k + 4*t + 60, -6*t - 74 = -w*k - 2*t. List the prime factors of k.
2, 7
Let i(f) = -f**3 + 28*f**2 - 52*f + 49. List t